 = -g**2 + 17*g - 25. List the prime factors of i(d).
5, 7
Suppose 0 = 44*k - 179984 + 37028. List the prime factors of k.
3, 19
Let l(s) = 14*s**2 + 31*s + s**3 + s**2 - 36*s + 21. List the prime factors of l(-15).
2, 3
Let w be (9 - 14)/((-2)/(-30)*3). Let p be (-4 - -1)*183/9. Let k = w - p. What are the prime factors of k?
2, 3
Suppose -699 = -n + 2*m, 119 = -2*n - 3*m + 1489. List the prime factors of n.
691
Let i(s) be the third derivative of s**4/24 + 25*s**3/6 - s**2 + 2. What are the prime factors of i(-19)?
2, 3
Let m = 2011 - 337. What are the prime factors of m?
2, 3, 31
Suppose 9*s = 11*s - 10. Suppose 3*a - s*a = -3*p + 507, -5*p - a = -858. What are the prime factors of p?
3, 19
Suppose 978 + 282 = 4*l. What are the prime factors of l?
3, 5, 7
Let i be (4/3)/(40/210). Suppose i*y - 1606 - 284 = 0. List the prime factors of y.
2, 3, 5
Let r(z) = -14*z + 7. Let k(y) = 16*y - 8. Let g(j) = j. Let a(w) = g(w) - k(w). Let u(h) = 5*a(h) - 6*r(h). List the prime factors of u(7).
61
Let g be 4/6 - 10/15. Suppose t - 6 = -3*o - g*t, -2*o = 3*t + 3. List the prime factors of o.
3
Let a = 10 + -6. Suppose a*y = -d + y + 2, -4*y - 24 = -2*d. Let o = d + 27. What are the prime factors of o?
5, 7
Let j(y) = 2*y**2 + 4*y - 4. Let a be j(-7). Suppose s - a = -5*s. List the prime factors of s.
11
Let n = 181 + 24. List the prime factors of n.
5, 41
Let q = 5071 - 3107. What are the prime factors of q?
2, 491
Let q = 1267 + -542. List the prime factors of q.
5, 29
Suppose 6 = -6*w - 18. What are the prime factors of -44*5*(-4 + (-14)/w)?
2, 5, 11
Suppose -29*v - 1175 = -8657. What are the prime factors of v?
2, 3, 43
What are the prime factors of -2*(-58)/(-4)*24/(-8)?
3, 29
Let c be 32/14 - (-24)/(-84). Suppose -2*w = -0 + c. Let o(x) = -33*x + 1. What are the prime factors of o(w)?
2, 17
Suppose 5*p - 7*p = -3832. What are the prime factors of p?
2, 479
Let y be (11 + (-3 - -3))*-1. Let j = y + 14. Suppose -3*s + 79 = j*o + 16, 0 = 3*o + 4*s - 58. List the prime factors of o.
2, 13
Suppose -2368 = -3*p + l, -2*l - 776 = -p - 5*l. What are the prime factors of p?
2, 197
Let j = 832 + -435. List the prime factors of j.
397
Let m(u) = u**3 - 8*u**2 + 12. What are the prime factors of m(9)?
3, 31
What are the prime factors of ((-765)/(-36) + -9)/((-2)/(-176))?
2, 7, 11
Suppose r = 5*n + 5*r + 12, 3*r - 22 = 4*n. Let w = n - -4. Suppose 3*l - 168 + 33 = w. List the prime factors of l.
3, 5
Let h be 4 - (-1)/(-1 + 0). Suppose -o + 5*o - 32 = 0. Let t = o + h. What are the prime factors of t?
11
Let u(m) be the first derivative of 5*m**3/3 + 6*m**2 + 37*m - 19. List the prime factors of u(-5).
2, 3, 17
Let n be (-3 + 37/(-2))*-2. Suppose -8*l + 189 + n = 0. List the prime factors of l.
29
Let u be (-6)/(-5)*100/30. Suppose -4*y + k = 13 + 7, 0 = 5*y + u*k + 25. List the prime factors of 4/(-8) - y/2.
2
Let y = 106 - 42. List the prime factors of y.
2
Suppose 0 = -4*n - 3*z + 104 + 1077, 2*n - 593 = -z. What are the prime factors of n?
13, 23
Let a(j) = 83*j - 19. What are the prime factors of a(3)?
2, 5, 23
Suppose -1308 = -4*a - 108. Let c = -133 + a. What are the prime factors of c?
167
Let s be 8/36 + (-102)/(-27). Let b(p) = 2*p**3 - 8*p**2 + 10*p. List the prime factors of b(s).
2, 5
Let d(v) = v - 8. Let y be d(10). Suppose 0 = 4*n + y*w - 150, 2*n - n = -3*w + 40. What are the prime factors of n?
37
Let w be (-6)/3 - 3/3. What are the prime factors of (14/w)/((-22)/231)?
7
Let g be (-4125)/60*(-4)/1. Suppose -137 = -2*t + g. List the prime factors of t.
2, 103
Let y = 29 + -18. Let l = y - 19. Let g = 12 - l. List the prime factors of g.
2, 5
Let t(n) = n**2 - 37*n - 43. Let o(b) = -9*b - 10. Let k(z) = -9*o(z) + 2*t(z). Let r = -9 - -5. List the prime factors of k(r).
2
Suppose -22*b = -21*b + 24. Let w = 120 + b. What are the prime factors of w?
2, 3
Suppose -4*j - 67 = 5*r - 717, -2*r = -4*j - 260. List the prime factors of r - (-5 + 1 + 0).
2, 67
Let k(a) = 14*a**2 + a + 96. List the prime factors of k(15).
3, 1087
Let q(n) = -n**3 + 9*n**2 + 8*n - 7. Let m(z) = -9*z - 11. Let g be m(-2). What are the prime factors of q(g)?
3, 7
Suppose 167 = 11*r - 493. What are the prime factors of (-12)/r + (-216)/(-5)?
43
Suppose -13*h + 9*h + 240 = 0. What are the prime factors of h?
2, 3, 5
Let u(y) = -114*y + 3. Let m be u(-3). Suppose -66*r = -71*r + 135. What are the prime factors of m/27 + 6/r?
13
Suppose -p = -20 + 9. Let g(a) = 2*a**2 - 12*a + 6. What are the prime factors of g(p)?
2, 29
Let j(o) = 117*o**2 - 1. Let b be (4/8)/(-1)*2*-1. What are the prime factors of j(b)?
2, 29
Suppose 0 = -15*o + 33 + 1707. Let p be (66/5)/((-2)/10). Let u = p + o. List the prime factors of u.
2, 5
Suppose -10 = 5*l + 3*p - 39, 4*p = 4*l - 36. Let f = -4 + l. Suppose -5*j = -4*d + 113, 3*d = f*j + 70 + 11. List the prime factors of d.
2, 11
What are the prime factors of 39153/62*(0 + (-8)/(-3))?
2, 421
Let x(s) = 2483*s**2 + 4*s + 5. List the prime factors of x(-1).
2, 3, 23
Suppose 29205 = 40*z - 7*z. What are the prime factors of z?
3, 5, 59
Let f = 31 - -19. What are the prime factors of f?
2, 5
Suppose 4*i = 26*i - 19712. List the prime factors of i.
2, 7
Let b = -469 + 766. List the prime factors of b.
3, 11
Suppose -2*u - j + 43 = 0, 3*u + 3*j - 63 = -0*j. List the prime factors of u.
2, 11
Suppose -7*v + 8*v = 31. Let s = -29 + v. Suppose 14 + 20 = s*j. List the prime factors of j.
17
What are the prime factors of 3/(114/(-4)) + (-93300)/(-95)?
2, 491
Suppose 0 = 2*o + 5*g - 7477, 2*o + 76*g - 75*g = 7465. What are the prime factors of o?
7, 13, 41
Let i be 14/(-28) + 170/4. Suppose p + 3*a - i = 0, -a - 2*a = -6. List the prime factors of p.
2, 3
Let x(n) = 26*n - 35. Let j be x(10). Let w = j - 69. List the prime factors of w.
2, 3, 13
Let v(a) = 8*a**2 - 10*a. Suppose -12 = 3*d - i, 3*d + 3*i - 24 = 8*d. List the prime factors of v(d).
2, 3, 17
Suppose -2*v + 3 + 1 = 0, 5*v = -4*o + 34. Suppose -o*p = -76 - 20. List the prime factors of p.
2
Suppose 2*v = 4, -7*v = 2*d - 5*v - 424. What are the prime factors of d?
2, 3, 5, 7
Let s = -404 - -752. List the prime factors of s.
2, 3, 29
Let i(h) = 4*h + 191. Let l be i(0). Suppose -352 = -4*j - 4*w, 539 = 4*j + 5*w + l. What are the prime factors of j?
2, 23
Suppose -903 = -4*w - d, 2*w + 4*d + 888 = 6*w. Let f = w - 140. What are the prime factors of f?
5, 17
Let a(d) = d**2 + 12*d + 10. Let w be a(-8). Let c be 11319/w + (-2)/(-4). What are the prime factors of c/(-12) - (-3)/18?
43
Let q = -962 + 1765. What are the prime factors of q?
11, 73
Let g(m) = -6*m - 5. Let i be g(-2). Let y = 7 - i. Suppose -q - 3*q + 92 = y. What are the prime factors of q?
23
Let v = -394 + 722. What are the prime factors of v?
2, 41
Let j(z) be the second derivative of -z**5/20 - 5*z**4/12 + 7*z**3/6 - z**2 - 33*z. List the prime factors of j(-8).
2, 67
Let b = 4 + 2. Suppose -2*u = b*u - 808. List the prime factors of u.
101
Let d(m) = -3*m**3 + 7*m**2 + 4*m**3 + 1 + 2*m + 6*m. Let y be d(-6). Let s = y + 22. What are the prime factors of s?
11
Let b = -28 - -26. Let n be (-3 - (-447 + b)) + 2. Suppose -2*r - 5*r = -n. What are the prime factors of r?
2
Let f(y) be the third derivative of -7*y**4/6 + 2*y**2 - 22. List the prime factors of f(-9).
2, 3, 7
Suppose 5*h - 2*q = 22, -3*h = -6*h - 4*q + 34. Let t(f) = f - 1. Let w be t(h). Suppose -118 = -w*b - 3. What are the prime factors of b?
23
Suppose -247 = 4*t + q, -2*q - q - 307 = 5*t. List the prime factors of (-7)/2*52/(-91) - t.
2
Suppose -7*t = 61 - 530. Let a = -40 + t. List the prime factors of a.
3
Suppose -r + 6*r = -4*s, 4*r + 2*s = 6. Suppose 4*u = -20, 0 = r*i - 7*i - 2*u + 353. List the prime factors of i.
11
Suppose 342*b - 344*b = -1996. List the prime factors of b.
2, 499
Let x be (-6)/(-66)*-2 - 1520/(-11). Let f = x - 68. List the prime factors of f.
2, 5, 7
What are the prime factors of (17/((-136)/16))/((-2)/2072)?
2, 7, 37
Suppose -102*h = -103*h + 197. List the prime factors of h.
197
Let k(j) = 9*j**2 - 10*j - 43. What are the prime factors of k(-9)?
2, 97
Suppose -2*g - 2*h + 1 = -7, -g - 3*h + 8 = 0. Let q be (65 + g)*(-7)/(-7). Let a = -45 + q. List the prime factors of a.
2, 11
Let a(j) be the first derivative of -j**4/2 + j**3 + 2*j**2 +